{"id":35,"date":"2021-07-05T12:55:58","date_gmt":"2021-07-05T12:55:58","guid":{"rendered":"http:\/\/www.kompenzacni-pomucky-rieger.cz\/?page_id=35"},"modified":"2024-07-21T23:08:15","modified_gmt":"2024-07-21T22:08:15","slug":"kontakty","status":"publish","type":"page","link":"https:\/\/www.kompenzacni-pomucky-rieger.cz\/index.php\/kontakty\/","title":{"rendered":"Kontakty"},"content":{"rendered":"\n<p>Bc. Rudolf Rieger, DiS.<br>I\u010c: 753 31 918<br>Mar\u0161ovice 41, 468 01<br>\u010c.\u00fa. 298900828\/0300, Datov\u00e1 schr\u00e1nka: 5gi7nbi<\/p>\n\n\n\n<p><\/p>\n\n\n\n<h2 class=\"wp-block-heading has-text-align-center\">Objedn\u00e1vky<\/h2>\n\n\n\n<p>tel.: <a rel=\"noreferrer noopener\" href=\"tel:00420604400499\" data-type=\"tel\" target=\"_blank\">604 400 499<\/a><br>e-mail: <a rel=\"noreferrer noopener\" href=\"mailto:pomucky.jbc@seznam.cz\" target=\"_blank\">pomucky.jbc@seznam.cz<\/a><br>web: <a href=\"https:\/\/www.kompenzacni-pomucky-rieger.cz\/\">www.kompenzacni-pomucky-rieger.cz<\/a><\/p>\n\n\n<div class=\"wp-block-image\">\n<figure class=\"aligncenter size-full\"><img loading=\"lazy\" decoding=\"async\" width=\"160\" height=\"250\" src=\"https:\/\/www.kompenzacni-pomucky-rieger.cz\/wp-content\/uploads\/2024\/07\/image.png\" alt=\"\" class=\"wp-image-279\"\/><\/figure>\n<\/div>","protected":false},"excerpt":{"rendered":"<p>Bc. Rudolf Rieger, DiS.I\u010c: 753 31 918Mar\u0161ovice 41, 468 01\u010c.\u00fa. 298900828\/0300, Datov\u00e1 schr\u00e1nka: 5gi7nbi Objedn\u00e1vky tel.: 604 400 499e-mail: pomucky.jbc@seznam.czweb: www.kompenzacni-pomucky-rieger.cz<\/p>\n","protected":false},"author":1,"featured_media":0,"parent":0,"menu_order":0,"comment_status":"closed","ping_status":"closed","template":"","meta":{"hide_page_title":"","footnotes":""},"class_list":["post-35","page","type-page","status-publish","hentry"],"_links":{"self":[{"href":"https:\/\/www.kompenzacni-pomucky-rieger.cz\/index.php\/wp-json\/wp\/v2\/pages\/35","targetHints":{"allow":["GET"]}}],"collection":[{"href":"https:\/\/www.kompenzacni-pomucky-rieger.cz\/index.php\/wp-json\/wp\/v2\/pages"}],"about":[{"href":"https:\/\/www.kompenzacni-pomucky-rieger.cz\/index.php\/wp-json\/wp\/v2\/types\/page"}],"author":[{"embeddable":true,"href":"https:\/\/www.kompenzacni-pomucky-rieger.cz\/index.php\/wp-json\/wp\/v2\/users\/1"}],"replies":[{"embeddable":true,"href":"https:\/\/www.kompenzacni-pomucky-rieger.cz\/index.php\/wp-json\/wp\/v2\/comments?post=35"}],"version-history":[{"count":15,"href":"https:\/\/www.kompenzacni-pomucky-rieger.cz\/index.php\/wp-json\/wp\/v2\/pages\/35\/revisions"}],"predecessor-version":[{"id":280,"href":"https:\/\/www.kompenzacni-pomucky-rieger.cz\/index.php\/wp-json\/wp\/v2\/pages\/35\/revisions\/280"}],"wp:attachment":[{"href":"https:\/\/www.kompenzacni-pomucky-rieger.cz\/index.php\/wp-json\/wp\/v2\/media?parent=35"}],"curies":[{"name":"wp","href":"https:\/\/api.w.org\/{rel}","templated":true}]}}