{"id":16,"date":"2021-07-05T12:31:26","date_gmt":"2021-07-05T12:31:26","guid":{"rendered":"http:\/\/www.kompenzacni-pomucky-rieger.cz\/?page_id=16"},"modified":"2025-11-23T21:47:05","modified_gmt":"2025-11-23T20:47:05","slug":"nabidka","status":"publish","type":"page","link":"https:\/\/www.kompenzacni-pomucky-rieger.cz\/index.php\/nabidka\/","title":{"rendered":"Nab\u00eddka"},"content":{"rendered":"\n<p><strong>Elektrick\u00e9 polohovac\u00ed l\u016f\u017eko:<\/strong> zdravotn\u00ed polohovac\u00ed l\u016f\u017eko s elektrick\u00fdm ovl\u00e1d\u00e1n\u00edm, postranicemi a hrazdou. Sou\u010d\u00e1st\u00ed l\u016f\u017eka je t\u00e9\u017e antidekubitn\u00ed p\u011bnov\u00e1 matrace a j\u00eddeln\u00ed stolek. L\u016f\u017eka maj\u00ed funkce zdvihu pod hlavou, zdvihu pod nohama a zdvihu cel\u00e9ho l\u016f\u017eka, n\u011bkter\u00e9 modely umo\u017e\u0148uj\u00ed t\u00e9\u017e zkosen\u00ed l\u016f\u017eka. L\u016f\u017eko dod\u00e1v\u00e1me v rozlo\u017een\u00e9m stavu, na m\u00edst\u011b jej smontujeme a sezn\u00e1m\u00edme s obsluhou.<\/p>\n\n\n\n<p><strong>Koncentr\u00e1tor kysl\u00edku:<\/strong> p\u0159\u00edstroj nas\u00e1v\u00e1 vzduch a z n\u011bj separuje kysl\u00edk, kter\u00fd dod\u00e1v\u00e1 pacientovi do d\u00fdchac\u00edch cest pomoc\u00ed kysl\u00edkov\u00e9 masky \u010di br\u00fdl\u00ed. Nen\u00ed t\u0159eba dopl\u0148ov\u00e1n\u00ed tlakov\u00fdch lahv\u00ed s kysl\u00edkem. Je ur\u010den pro dom\u00e1c\u00ed pou\u017eit\u00ed, mus\u00ed b\u00fdt zapojen v elektrick\u00e9 s\u00edti. Je schopen dod\u00e1vat 1 &#8211; 5 l kysl\u00edku za minutu.  <\/p>\n\n\n\n<p><strong>Mobiln\u00ed koncentr\u00e1tor kysl\u00edku:<\/strong> na rozd\u00edl od dom\u00e1c\u00edch p\u0159\u00edstroj\u016f, kter\u00e9 vy\u017eaduj\u00ed trval\u00e9 p\u0159ipojen\u00ed do elektrick\u00e9 s\u00edt\u011b, je mobiln\u00ed koncentr\u00e1tor vybaven akumul\u00e1torem. Sou\u010dasn\u011b umo\u017e\u0148uje p\u0159ipojen\u00ed do z\u00e1suvky automobilu. U\u017eivatel nen\u00ed limitov\u00e1n dostupnost\u00ed elektrick\u00e9 z\u00e1suvky, ale s pomoc\u00ed mobiln\u00edho koncentr\u00e1toru se m\u016f\u017ee pohybovat mimo domov \u010di cestovat v aut\u011b. Koncentr\u00e1tor dod\u00e1v\u00e1 a\u017e 5 l kysl\u00edku za minutu. Pro snaz\u0161\u00ed pohyb je um\u00edst\u011bn do cestovn\u00ed bra\u0161ny, kter\u00e1 umo\u017e\u0148uje zav\u011b\u0161en\u00ed na invalidn\u00ed voz\u00edk.<\/p>\n\n\n\n<p><\/p>\n\n\n\n<p><strong>Poj\u00edzdn\u00fd zved\u00e1k se z\u00e1v\u011bsem:<\/strong> zved\u00e1k umo\u017e\u0148uj\u00edc\u00ed zvednut\u00ed pacienta z l\u016f\u017eka a jeho p\u0159em\u00edst\u011bn\u00ed na invalidn\u00ed \u010di toaletn\u00ed voz\u00edk pomoc\u00ed z\u00e1v\u011bsn\u00e9 s\u00edt\u011b. K dispozici elektrick\u00fd \u010di hydraulick\u00fd model.<\/p>\n\n\n\n<p><strong>Mechanick\u00fd invalidn\u00ed voz\u00edk:<\/strong> v nab\u00eddce je \u0161irok\u00e1 \u0161k\u00e1la mechanick\u00fdch invalidn\u00edch voz\u00edk\u016f s \u0161\u00ed\u0159\u00ed sedu od 42 do 60 cm s nosnost\u00ed a\u017e 200 kg. K dispozici jsou i voz\u00edky s polohovac\u00edmi podno\u017ekami.<\/p>\n\n\n\n<p><strong>Antidekubitn\u00ed vzduchov\u00e1 matrace:<\/strong> l\u016f\u017eko m\u016f\u017ee b\u00fdt dopln\u011bno antidekubitn\u00ed vzduchovou matrac\u00ed, kter\u00e1 pom\u00e1h\u00e1 p\u0159i l\u00e9\u010db\u011b ji\u017e vznikl\u00fdch prole\u017eenin (dekubit\u016f). Sou\u010d\u00e1st\u00ed matrace je vzduchov\u00fd kompresor.<\/p>\n\n\n\n<p><strong>Ods\u00e1va\u010dka:<\/strong> vhodn\u00e1 pro pacienta s tracheostomi\u00ed. Slou\u017e\u00ed k ods\u00e1v\u00e1n\u00ed hlen\u016f z d\u00fdchac\u00edch cest. <\/p>\n\n\n\n<p><strong>Samostatn\u00e1 hrazda k l\u016f\u017eku:<\/strong> b\u011b\u017en\u00e9 dom\u00e1c\u00ed l\u016f\u017eko m\u016f\u017ee b\u00fdt dopln\u011bno samostatnou hrazdou, kter\u00e1 pacientovi usnad\u0148uje polohov\u00e1n\u00ed v l\u016f\u017eku. <\/p>\n\n\n\n<p><strong>Toaletn\u00ed voz\u00edk nebo \u017eidle:<\/strong> slou\u017e\u00ed pacientovi k vykon\u00e1v\u00e1n\u00ed t\u011blesn\u00e9 pot\u0159eby u l\u016f\u017eka. Voz\u00edk m\u016f\u017ee b\u00fdt vyu\u017e\u00edv\u00e1n pro transport pacienta po dom\u00e1cnosti \u010di jako sprchovac\u00ed voz\u00edk.<\/p>\n\n\n\n<p><strong>Chod\u00edtka:<\/strong> nab\u00edz\u00edme chod\u00edtka poj\u00edzdn\u00e1 i statick\u00e1 \u010dty\u0159bodov\u00e1, chod\u00edtka se sed\u00e1tkem nebo vysok\u00e1 s op\u011brnou deskou (pultov\u00e1). Disponujeme t\u00e9\u017e chod\u00edtkem o nosnosti a\u017e 200 kg pro t\u011b\u017e\u0161\u00edho rozm\u011brn\u00e9ho u\u017eivatele.<\/p>\n\n\n\n<p><\/p>\n\n\n\n<p><em>Telefonicky domluv\u00edme term\u00edn dod\u00e1n\u00ed, na m\u00edst\u011b sep\u00ed\u0161eme smlouvu o pron\u00e1jmu.<\/em> <em>Hrad\u00ed se n\u00e1jemn\u00e9. P\u0159i p\u0159ed\u00e1n\u00ed se skl\u00e1d\u00e1 vratn\u00e1 kauce (preferujeme platebn\u00ed karty). Cena pron\u00e1jmu a dopl\u0148kov\u00fdch slu\u017eeb se \u0159\u00edd\u00ed platn\u00fdm cen\u00edkem.<\/em><\/p>\n\n\n\n<p><\/p>\n","protected":false},"excerpt":{"rendered":"<p>Elektrick\u00e9 polohovac\u00ed l\u016f\u017eko: zdravotn\u00ed polohovac\u00ed l\u016f\u017eko s elektrick\u00fdm ovl\u00e1d\u00e1n\u00edm, postranicemi a hrazdou. Sou\u010d\u00e1st\u00ed l\u016f\u017eka je t\u00e9\u017e antidekubitn\u00ed p\u011bnov\u00e1 matrace a j\u00eddeln\u00ed stolek. L\u016f\u017eka maj\u00ed funkce zdvihu pod hlavou, zdvihu pod nohama a zdvihu cel\u00e9ho l\u016f\u017eka, n\u011bkter\u00e9 modely umo\u017e\u0148uj\u00ed t\u00e9\u017e zkosen\u00ed l\u016f\u017eka. L\u016f\u017eko dod\u00e1v\u00e1me v rozlo\u017een\u00e9m stavu, na m\u00edst\u011b jej smontujeme a sezn\u00e1m\u00edme s obsluhou. Koncentr\u00e1tor [&hellip;]<\/p>\n","protected":false},"author":1,"featured_media":0,"parent":0,"menu_order":0,"comment_status":"closed","ping_status":"closed","template":"","meta":{"hide_page_title":"","footnotes":""},"class_list":["post-16","page","type-page","status-publish","hentry"],"_links":{"self":[{"href":"https:\/\/www.kompenzacni-pomucky-rieger.cz\/index.php\/wp-json\/wp\/v2\/pages\/16","targetHints":{"allow":["GET"]}}],"collection":[{"href":"https:\/\/www.kompenzacni-pomucky-rieger.cz\/index.php\/wp-json\/wp\/v2\/pages"}],"about":[{"href":"https:\/\/www.kompenzacni-pomucky-rieger.cz\/index.php\/wp-json\/wp\/v2\/types\/page"}],"author":[{"embeddable":true,"href":"https:\/\/www.kompenzacni-pomucky-rieger.cz\/index.php\/wp-json\/wp\/v2\/users\/1"}],"replies":[{"embeddable":true,"href":"https:\/\/www.kompenzacni-pomucky-rieger.cz\/index.php\/wp-json\/wp\/v2\/comments?post=16"}],"version-history":[{"count":31,"href":"https:\/\/www.kompenzacni-pomucky-rieger.cz\/index.php\/wp-json\/wp\/v2\/pages\/16\/revisions"}],"predecessor-version":[{"id":320,"href":"https:\/\/www.kompenzacni-pomucky-rieger.cz\/index.php\/wp-json\/wp\/v2\/pages\/16\/revisions\/320"}],"wp:attachment":[{"href":"https:\/\/www.kompenzacni-pomucky-rieger.cz\/index.php\/wp-json\/wp\/v2\/media?parent=16"}],"curies":[{"name":"wp","href":"https:\/\/api.w.org\/{rel}","templated":true}]}}